actor of 131040 and 46890.
90
What is the highest common divisor of 483 and 91923870?
69
What is the greatest common divisor of 14407633 and 922?
461
Calculate the highest common factor of 48879868 and 89.
89
Calculate the greatest common divisor of 1386 and 303428664.
1386
Calculate the greatest common divisor of 63072 and 4476.
12
Calculate the highest common divisor of 3323454 and 3018.
6
What is the highest common divisor of 2330 and 3499060?
10
Calculate the highest common factor of 5402412 and 54.
18
Calculate the greatest common factor of 47824298 and 21386.
578
Calculate the greatest common divisor of 5321558 and 6554.
58
What is the highest common divisor of 2913820 and 980?
140
Calculate the greatest common factor of 828 and 1847388.
12
What is the greatest common divisor of 1569744 and 288?
144
Calculate the highest common factor of 2573076 and 43329.
3333
Calculate the greatest common factor of 2704 and 79691612.
676
What is the greatest common factor of 204195 and 57045?
15
Calculate the greatest common divisor of 80 and 16817456.
16
What is the highest common factor of 5512 and 18956881?
53
Calculate the highest common factor of 36 and 1430367072.
12
Calculate the highest common factor of 396288 and 623616.
3072
Calculate the highest common divisor of 14762 and 104798.
122
Calculate the greatest common divisor of 5115 and 2325417105.
5115
What is the greatest common factor of 360813 and 6450?
129
What is the greatest common divisor of 139802 and 157092?
494
What is the highest common divisor of 257500 and 42436?
412
What is the greatest common factor of 12 and 840824?
4
What is the greatest common factor of 4005456 and 345072?
4368
What is the highest common divisor of 1526189 and 1018073?
1841
What is the highest common factor of 40880812 and 28?
28
Calculate the greatest common factor of 23904518 and 968.
242
Calculate the highest common factor of 26570 and 52119712.
5314
What is the greatest common divisor of 4826182 and 2?
2
What is the highest common divisor of 147 and 4040607?
3
What is the highest common factor of 76284 and 131867?
163
What is the highest common divisor of 34736829 and 909?
303
Calculate the greatest common divisor of 7826 and 448318.
1118
Calculate the greatest common factor of 725 and 2054070.
145
Calculate the highest common factor of 174495 and 58470.
15
What is the highest common factor of 608065612 and 11?
11
What is the highest common divisor of 375 and 37740075?
75
Calculate the greatest common factor of 33369 and 126651.
21
Calculate the greatest common divisor of 6984 and 1301512632.
2328
Calculate the greatest common divisor of 347949 and 60858.
1323
Calculate the highest common factor of 15 and 49947765.
15
Calculate the greatest common divisor of 2576 and 37351034.
322
Calculate the greatest common divisor of 6 and 5635554.
6
Calculate the greatest common divisor of 6538 and 10433714.
934
Calculate the greatest common factor of 56 and 12625064.
8
What is the greatest common divisor of 116100544 and 2?
2
What is the highest common factor of 331866 and 2748?
6
What is the highest common factor of 3517838 and 764?
382
What is the greatest common factor of 586463870 and 6590?
6590
Calculate the greatest common factor of 592756 and 71944.
1564
What is the greatest common factor of 52540 and 6512?
148
Calculate the highest common factor of 24561000 and 2196.
36
Calculate the greatest common divisor of 2302368 and 3888.
48
Calculate the highest common divisor of 342 and 9410328.
18
What is the greatest common divisor of 14750032 and 35082?
3898
What is the highest common factor of 364 and 9167782?
26
What is the greatest common divisor of 1658864 and 473068?
2084
Calculate the highest common factor of 36 and 625104387.
9
Calculate the highest common factor of 5046342 and 2226.
2226
Calculate the highest common divisor of 39033960 and 8370.
930
What is the greatest common factor of 9158 and 61619603?
4579
What is the highest common divisor of 16650350 and 783?
29
Calculate the greatest common factor of 121 and 8879706.
121
Calculate the greatest common divisor of 115960 and 1420.
20
What is the highest common factor of 6034180 and 23360?
1460
What is the greatest common factor of 60 and 47947?
1
What is the highest common factor of 2086 and 319828351?
149
What is the greatest common factor of 136853976 and 924?
84
What is the greatest common divisor of 4374 and 39475404?
54
What is the highest common factor of 15 and 1025463?
3
What is the greatest common divisor of 567 and 15179283?
63
What is the highest common factor of 2533 and 718031?
149
What is the highest common factor of 13159055 and 455?
455
What is the highest common factor of 5558635 and 10?
5
Calculate the highest common divisor of 1504771 and 589.
31
What is the highest common divisor of 39155 and 991175?
205
Calculate the greatest common factor of 44785 and 996665.
265
Calculate the greatest common factor of 143049 and 2091074.
1163
What is the greatest common divisor of 16909893 and 33?
33
Calculate the greatest common divisor of 3460 and 1900232.
692
What is the greatest common factor of 244670 and 38692?
1138
What is the greatest common factor of 2135268 and 782?
34
What is the greatest common divisor of 4665596 and 9126?
26
What is the highest common factor of 408452906 and 1886?
1886
Calculate the greatest common divisor of 168 and 4319238.
42
What is the highest common divisor of 11662520 and 260?
20
Calculate the greatest common factor of 48965 and 1505.
35
What is the greatest common factor of 20331 and 1584279?
81
Calculate the greatest common factor of 1365476 and 3556.
28
Calculate the highest common factor of 218423086 and 1612.
62
What is the greatest common factor of 369108376 and 5824?
728
Calculate the highest common divisor of 9172635 and 243210.
1005
What is the highest common divisor of 49358 and 20487862?
2146
Calculate the highest common factor of 16423689 and 3.
3
What is the greatest common divisor of 1017526 and 84?
2
Calculate the greatest common divisor of 609 and 541737.
21
What is the highest common factor of 29378 and 7672422?
794
Calculate the highest common factor of 356267858 and 1006.
1006
What is the greatest common factor of 90021707 and 2118?
353
Calculate the greatest common factor of 4531355 and 12125.
485
What is the greatest common factor of 5474 and 729330?
322
Calculate the greatest common divisor of 82440 and 2200680.
360
Calculate the greatest common divisor of 106066 and 350.
2
Calculate the highest common factor of 6960848 and 32864.
1264
What is the highest common divisor of 36 and 95858916?
12
Calculate the highest common factor of 2479160 and 1940.
20
Calculate the greatest common divisor of 43650915 and 3.
3
Calculate the greatest common factor of 17275484 and 184.
92
Calculate the highest common factor of 744 and 560999312.
248
What is the greatest common factor of 96 and 114743040?
96
What is the highest common divisor of 11320 and 430726?
566
Calculate the greatest common divisor of 90 and 116331030.
90
What is the highest common factor of 19624943 and 3940?
197
Calculate the greatest common factor of 7578801 and 747.
9
Calculate the highest common factor of 72898 and 1500436.
574
Calculate the highest common factor of 1321373400 and 26100.
8700
Calculate the highest common factor of 89530 and 4865.
35
What is the greatest common factor of 25189251 and 582?
291
What is the highest common factor of 49849 and 182964?
79
What is the greatest common divisor of 16224 and 14654328?
4056
Calculate the highest common factor of 33370 and 4764526.
142
Calculate the highest common divisor of 124 and 199890.
2
What is the greatest common divisor of 1012947 and 1248?
39
What is the greatest common divisor of 5 and 23318930?
5
Calculate the highest common factor of 81 and 21881259.
81
Calculate the highest common divisor of 18484896 and 96.
96
What is the greatest common divisor of 3627 and 2396610?
279
Calculate the highest common divisor of 97231829 and 2429.
347
What is the highest common factor of 238068 and 636404?
1556
What is the highest common divisor of 32492954 and 2298?
766
What is the highest common divisor of 8072086 and 22005?
163
Calculate the highest common factor of 5459967 an